{"id":5270,"date":"2018-09-30T22:21:30","date_gmt":"2018-09-30T20:21:30","guid":{"rendered":"http:\/\/test.bordo.org\/?page_id=5270"},"modified":"2021-06-19T00:50:32","modified_gmt":"2021-06-18T22:50:32","slug":"coltivare-una-compassione-universale","status":"publish","type":"page","link":"https:\/\/bordo.org\/it\/corsi-di-dharma\/coltivare-una-compassione-universale\/","title":{"rendered":"Coltivare una Compassione Universale"},"content":{"rendered":"<p>[et_pb_section fb_built=&#8221;1&#8243; _builder_version=&#8221;3.0.72&#8243;][et_pb_row custom_padding=&#8221;0px|0px|0px|0px&#8221; _builder_version=&#8221;3.0.47&#8243; background_size=&#8221;initial&#8221; background_position=&#8221;top_left&#8221; background_repeat=&#8221;repeat&#8221;][et_pb_column type=&#8221;4_4&#8243; _builder_version=&#8221;3.0.47&#8243;][et_pb_text _builder_version=&#8221;3.21&#8243; custom_margin_tablet=&#8221;||-100px|&#8221; custom_margin_last_edited=&#8221;on|tablet&#8221;]<\/p>\n<p><a href=\"https:\/\/bordo.org\/it\/corsi-di-dharma\/#16\">Al programma del corso<\/a><\/p>\n<p>[\/et_pb_text][\/et_pb_column][\/et_pb_row][et_pb_row custom_padding=&#8221;25px|0px|40px|0px&#8221; _builder_version=&#8221;3.0.47&#8243; background_size=&#8221;initial&#8221; background_position=&#8221;top_left&#8221; background_repeat=&#8221;repeat&#8221;][et_pb_column type=&#8221;4_4&#8243; _builder_version=&#8221;3.0.47&#8243;][et_pb_text _builder_version=&#8221;3.15&#8243; custom_margin=&#8221;||-10px|&#8221; custom_margin_tablet=&#8221;||-50px|&#8221; custom_margin_last_edited=&#8221;on|phone&#8221; custom_padding=&#8221;|||&#8221;]<\/p>\n<p><span style=\"font-size: 18px;\">1 &#8211; 7 agosto 2021<\/span><\/p>\n<h1>Coltivare una Compassione Universale<br \/>con la Meditazione del Buddha della Compassione Cenresi<\/h1>\n<p>[\/et_pb_text][\/et_pb_column][\/et_pb_row][et_pb_row custom_padding=&#8221;25px|0px|33px|0px&#8221; _builder_version=&#8221;3.0.72&#8243;][et_pb_column type=&#8221;2_3&#8243; _builder_version=&#8221;3.0.47&#8243;][et_pb_text _builder_version=&#8221;3.15&#8243; custom_margin_tablet=&#8221;||-40px|&#8221; custom_margin_last_edited=&#8221;on|desktop&#8221;]<\/p>\n<p><em>\u201c&#8230;Vi chiedo di mettere in movimento la ruota del Dharma del piccolo e del grande Veicolo, in accordo con le diverse mentalit\u00e0 e facolt\u00e0 degli esseri. Sino a quando il samsara non sar\u00e0 svuotato, vi chiedo di non passare nel nirvana e di prendervi cura con compassione di tutti gli esseri che sono immersi nell&#8217;oceano della sofferenza. Dopo che ogni positivit\u00e0 da me accumulata sar\u00e0 diventata causa del risveglio, possa io diventare in breve tempo un&#8217;eccellente guida per gli esseri&#8230;&#8221;<\/em><\/p>\n<p>Per partecipare in questo ritiro \u00e8 necessario aver preso rifugio nei Tre Gioielli.<\/p>\n<p><strong>Inizio:<\/strong> domenica 1 agosto \u2013 ore 17<br \/><strong>Termine:<\/strong> sabato 7 agosto dopo la prima colazione<\/p>\n<p><strong>Condurr\u00e0 il corso:<\/strong> Lama Rabsel<br \/><strong>Lingua:<\/strong> italiano<\/p>\n<p><strong>Tassa del corso:<\/strong>\u00a0Quota dei costi dell\u2019organizzazione e una donazione per gli insegnanti. La vostra generosit\u00e0 permette loro di continuare a trasmettere il Dharma in futuro.<\/p>\n<p><strong>Alloggio e pasti:<\/strong>\u00a0Le donazioni per l\u2019alloggio e il vitto dovrebbero essere sufficienti a coprire le spese e consentire che Bordo pu\u00f2 essere mantenuto. Siamo a vostra disposizione per ulteriori informazioni.<\/p>\n<p><strong>Registrazione su\u00a0<a href=\"mailto:bodhipath@bordo.org\">bodhipath@bordo.org<\/a><\/strong><\/p>\n<p>Si prega di leggere le informazioni sul\u00a0<a href=\"https:\/\/bordo.org\/it\/arrivo-e-soggiorno\/soggiorno\/\">soggiorno a Bordo<\/a>\u00a0e sul\u00a0<a href=\"https:\/\/bordo.org\/it\/arrivo-e-soggiorno\/come-raggiungerci\/\">viaggio a Bordo<\/a>\u00a0prima della visita.<\/p>\n<p>[\/et_pb_text][\/et_pb_column][et_pb_column type=&#8221;1_3&#8243; _builder_version=&#8221;3.0.47&#8243;][\/et_pb_column][\/et_pb_row][et_pb_row use_custom_gutter=&#8221;on&#8221; gutter_width=&#8221;1&#8243; custom_padding=&#8221;32px|0px|32px|0px&#8221; background_repeat_1=&#8221;no-repeat&#8221; disabled_on=&#8221;on|on|on&#8221; _builder_version=&#8221;3.0.72&#8243; disabled=&#8221;on&#8221;][et_pb_column type=&#8221;4_4&#8243; _builder_version=&#8221;3.0.47&#8243;][et_pb_text _builder_version=&#8221;3.0.74&#8243;]<\/p>\n<h2>Impressionen<\/h2>\n<p>[\/et_pb_text][et_pb_gallery gallery_ids=&#8221;3613,3609,3625,3623,3617,3611,3619,3621&#8243; gallery_captions=&#8221;,Test,,,,,,&#8221; posts_number=&#8221;8&#8243; show_title_and_caption=&#8221;off&#8221; show_pagination=&#8221;off&#8221; zoom_icon_color=&#8221;#ffffff&#8221; hover_overlay_color=&#8221;rgba(28,28,28,0.6)&#8221; hover_icon=&#8221;T&#8221; _builder_version=&#8221;3.0.87&#8243; border_width_all=&#8221;5px&#8221; border_color_all=&#8221;#ffffff&#8221; border_style_all=&#8221;solid&#8221; use_border_color=&#8221;on&#8221; border_width=&#8221;5px&#8221; saved_tabs=&#8221;all&#8221;]&nbsp;<br \/>\n[\/et_pb_gallery][\/et_pb_column][\/et_pb_row][\/et_pb_section]<\/p>\n","protected":false},"excerpt":{"rendered":"<p>Al programma del corso1 &#8211; 7 agosto 2021 Coltivare una Compassione Universalecon la Meditazione del Buddha della Compassione Cenresi\u201c&#8230;Vi chiedo di mettere in movimento la ruota del Dharma del piccolo e del grande Veicolo, in accordo con le diverse mentalit\u00e0 e facolt\u00e0 degli esseri. Sino a quando il samsara non sar\u00e0 svuotato, vi chiedo di [&hellip;]<\/p>\n","protected":false},"author":1,"featured_media":0,"parent":5233,"menu_order":0,"comment_status":"closed","ping_status":"closed","template":"","meta":{"_et_pb_use_builder":"on","_et_pb_old_content":"<p>[et_pb_section bb_built=\"1\" _builder_version=\"3.0.72\"][et_pb_row custom_padding=\"0px|0px|0px|0px\" _builder_version=\"3.0.47\" background_size=\"initial\" background_position=\"top_left\" background_repeat=\"repeat\"][et_pb_column type=\"4_4\"][et_pb_text _builder_version=\"3.0.72\" custom_margin_last_edited=\"on|tablet\" custom_margin_tablet=\"||-100px|\" custom_margin_phone=\"||-100px|\"]<\/p><p><a href=\"kursprogramm\/\">Zum Kursprogramm<\/a><\/p><p>[\/et_pb_text][\/et_pb_column][\/et_pb_row][et_pb_row custom_padding=\"25px|0px|15px|0px\" _builder_version=\"3.0.47\" background_size=\"initial\" background_position=\"top_left\" background_repeat=\"repeat\"][et_pb_column type=\"4_4\"][et_pb_text _builder_version=\"3.0.72\" custom_padding=\"|||\" custom_margin=\"||-10px|\" custom_margin_last_edited=\"on|phone\" custom_margin_tablet=\"||-50px|\" background_layout=\"light\" text_orientation=\"left\" border_style=\"solid\"]<\/p><p>22. September - 05. Oktober 2018<\/p><h1>Meditation und Aktion<\/h1><p>[\/et_pb_text][\/et_pb_column][\/et_pb_row][et_pb_row _builder_version=\"3.0.72\" custom_padding=\"15px|0px|32px|0px\"][et_pb_column type=\"4_4\"][et_pb_text _builder_version=\"3.0.72\" custom_margin_last_edited=\"on|desktop\" custom_margin_tablet=\"||-40px|\" custom_margin_phone=\"||-40px|\"]<\/p><p>Die ideale Zeit f\u00fcr alle, die Dharmapraxis und Arbeit im konkreten Alltag verbinden m\u00f6chten. Wir praktizieren zusammen und bereiten das Dorf f\u00fcr die neue Saison vor.\u00a0T\u00e4glich etwa vier Stunden Arbeit, gemeinsame Meditationen, Zeit f\u00fcr pers\u00f6nliche Praxis, Erholung und Austausch in der sch\u00f6nen Bergwelt.<\/p><p><strong>Beginn:<\/strong> Donnerstag, 22. M\u00e4rz <br \/><strong>Ende:<\/strong>\u00a0Donnerstag, 29. M\u00e4rz<\/p><p><strong>Kursleitung:<\/strong> Tengye und das Bordo Team <br \/><strong>Kursart: <\/strong>Dharmapraxis<br \/><strong>Kurssprache: <\/strong>deutsch, italienisch, englisch<\/p><p><strong>Kosten:\u00a0<\/strong>Unterkunft unentgeltlich, bescheidener Beitrag an die Verpflegungskosten.<\/p><p><strong>Anmeldung via\u00a0<a href=\"mailto:bodhipath@bordo.org\">bodhipath@bordo.org<\/a><\/strong><\/p><p>[\/et_pb_text][\/et_pb_column][\/et_pb_row][et_pb_row use_custom_gutter=\"on\" gutter_width=\"1\" _builder_version=\"3.0.72\"][et_pb_column type=\"4_4\"][et_pb_text _builder_version=\"3.0.72\"]<\/p><h2>Impressionen<\/h2><p>[\/et_pb_text][et_pb_gallery gallery_ids=\"1169,1167,1175,1174,1171,1168,1172,1173\" posts_number=\"8\" show_title_and_caption=\"off\" show_pagination=\"off\" zoom_icon_color=\"#ffffff\" hover_overlay_color=\"rgba(28,28,28,0.6)\" hover_icon=\"T\" _builder_version=\"3.0.72\" use_border_color=\"on\" border_width=\"5px\" saved_tabs=\"all\" gallery_captions=\",Test,,,,,,\" \/][\/et_pb_column][\/et_pb_row][\/et_pb_section]<\/p>","_et_gb_content_width":""},"_links":{"self":[{"href":"https:\/\/bordo.org\/it\/wp-json\/wp\/v2\/pages\/5270\/"}],"collection":[{"href":"https:\/\/bordo.org\/it\/wp-json\/wp\/v2\/pages\/"}],"about":[{"href":"https:\/\/bordo.org\/it\/wp-json\/wp\/v2\/types\/page\/"}],"author":[{"embeddable":true,"href":"https:\/\/bordo.org\/it\/wp-json\/wp\/v2\/users\/1\/"}],"replies":[{"embeddable":true,"href":"https:\/\/bordo.org\/it\/wp-json\/wp\/v2\/comments\/?post=5270"}],"version-history":[{"count":20,"href":"https:\/\/bordo.org\/it\/wp-json\/wp\/v2\/pages\/5270\/revisions\/"}],"predecessor-version":[{"id":7873,"href":"https:\/\/bordo.org\/it\/wp-json\/wp\/v2\/pages\/5270\/revisions\/7873\/"}],"up":[{"embeddable":true,"href":"https:\/\/bordo.org\/it\/wp-json\/wp\/v2\/pages\/5233\/"}],"wp:attachment":[{"href":"https:\/\/bordo.org\/it\/wp-json\/wp\/v2\/media\/?parent=5270"}],"curies":[{"name":"wp","href":"https:\/\/api.w.org\/{rel}","templated":true}]}}

<p>[et_pb_section fb_built=&#8221;1&#8243; _builder_version=&#8221;3.0.72&#8243;][et_pb_row custom_padding=&#8221;0px|0px|0px|0px&#8221; _builder_version=&#8221;3.0.47&#8243; background_size=&#8221;initial&#8221; background_position=&#8221;top_left&#8221; background_repeat=&#8221;repeat&#8221;][et_pb_column type=&#8221;4_4&#8243; _builder_version=&#8221;3.0.47&#8243;][et_pb_text _builder_version=&#8221;3.21&#8243; custom_margin_tablet=&#8221;||-100px|&#8221; custom_margin_last_edited=&#8221;on|tablet&#8221;]</p>
<p><a href="https://bordo.org/it/corsi-di-dharma/#16">Al programma del corso</a></p>
<p>[/et_pb_text][/et_pb_column][/et_pb_row][et_pb_row custom_padding=&#8221;25px|0px|40px|0px&#8221; _builder_version=&#8221;3.0.47&#8243; background_size=&#8221;initial&#8221; background_position=&#8221;top_left&#8221; background_repeat=&#8221;repeat&#8221;][et_pb_column type=&#8221;4_4&#8243; _builder_version=&#8221;3.0.47&#8243;][et_pb_text _builder_version=&#8221;3.15&#8243; custom_margin=&#8221;||-10px|&#8221; custom_margin_tablet=&#8221;||-50px|&#8221; custom_margin_last_edited=&#8221;on|phone&#8221; custom_padding=&#8221;|||&#8221;]</p>
<p><span style="font-size: 18px;">1 &#8211; 7 agosto 2021</span></p>
<h1>Coltivare una Compassione Universale<br />con la Meditazione del Buddha della Compassione Cenresi</h1>
<p>[/et_pb_text][/et_pb_column][/et_pb_row][et_pb_row custom_padding=&#8221;25px|0px|33px|0px&#8221; _builder_version=&#8221;3.0.72&#8243;][et_pb_column type=&#8221;2_3&#8243; _builder_version=&#8221;3.0.47&#8243;][et_pb_text _builder_version=&#8221;3.15&#8243; custom_margin_tablet=&#8221;||-40px|&#8221; custom_margin_last_edited=&#8221;on|desktop&#8221;]</p>
<p><em>“&#8230;Vi chiedo di mettere in movimento la ruota del Dharma del piccolo e del grande Veicolo, in accordo con le diverse mentalità e facoltà degli esseri. Sino a quando il samsara non sarà svuotato, vi chiedo di non passare nel nirvana e di prendervi cura con compassione di tutti gli esseri che sono immersi nell&#8217;oceano della sofferenza. Dopo che ogni positività da me accumulata sarà diventata causa del risveglio, possa io diventare in breve tempo un&#8217;eccellente guida per gli esseri&#8230;&#8221;</em></p>
<p>Per partecipare in questo ritiro è necessario aver preso rifugio nei Tre Gioielli.</p>
<p><strong>Inizio:</strong> domenica 1 agosto – ore 17<br /><strong>Termine:</strong> sabato 7 agosto dopo la prima colazione</p>
<p><strong>Condurrà il corso:</strong> Lama Rabsel<br /><strong>Lingua:</strong> italiano</p>
<p><strong>Tassa del corso:</strong> Quota dei costi dell’organizzazione e una donazione per gli insegnanti. La vostra generosità permette loro di continuare a trasmettere il Dharma in futuro.</p>
<p><strong>Alloggio e pasti:</strong> Le donazioni per l’alloggio e il vitto dovrebbero essere sufficienti a coprire le spese e consentire che Bordo può essere mantenuto. Siamo a vostra disposizione per ulteriori informazioni.</p>
<p><strong>Registrazione su <a href="mailto:bodhipath@bordo.org">bodhipath@bordo.org</a></strong></p>
<p>Si prega di leggere le informazioni sul <a href="https://bordo.org/it/arrivo-e-soggiorno/soggiorno/">soggiorno a Bordo</a> e sul <a href="https://bordo.org/it/arrivo-e-soggiorno/come-raggiungerci/">viaggio a Bordo</a> prima della visita.</p>
<p>[/et_pb_text][/et_pb_column][et_pb_column type=&#8221;1_3&#8243; _builder_version=&#8221;3.0.47&#8243;][/et_pb_column][/et_pb_row][et_pb_row use_custom_gutter=&#8221;on&#8221; gutter_width=&#8221;1&#8243; custom_padding=&#8221;32px|0px|32px|0px&#8221; background_repeat_1=&#8221;no-repeat&#8221; disabled_on=&#8221;on|on|on&#8221; _builder_version=&#8221;3.0.72&#8243; disabled=&#8221;on&#8221;][et_pb_column type=&#8221;4_4&#8243; _builder_version=&#8221;3.0.47&#8243;][et_pb_text _builder_version=&#8221;3.0.74&#8243;]</p>
<h2>Impressionen</h2>
<p>[/et_pb_text][et_pb_gallery gallery_ids=&#8221;3613,3609,3625,3623,3617,3611,3619,3621&#8243; gallery_captions=&#8221;,Test,,,,,,&#8221; posts_number=&#8221;8&#8243; show_title_and_caption=&#8221;off&#8221; show_pagination=&#8221;off&#8221; zoom_icon_color=&#8221;#ffffff&#8221; hover_overlay_color=&#8221;rgba(28,28,28,0.6)&#8221; hover_icon=&#8221;T&#8221; _builder_version=&#8221;3.0.87&#8243; border_width_all=&#8221;5px&#8221; border_color_all=&#8221;#ffffff&#8221; border_style_all=&#8221;solid&#8221; use_border_color=&#8221;on&#8221; border_width=&#8221;5px&#8221; saved_tabs=&#8221;all&#8221;]&nbsp;<br />
[/et_pb_gallery][/et_pb_column][/et_pb_row][/et_pb_section]</p>

<p>Al programma del corso1 &#8211; 7 agosto 2021 Coltivare una Compassione Universalecon la Meditazione del Buddha della Compassione Cenresi“&#8230;Vi chiedo di mettere in movimento la ruota del Dharma del piccolo e del grande Veicolo, in accordo con le diverse mentalità e facoltà degli esseri. Sino a quando il samsara non sarà svuotato, vi chiedo di [&hellip;]</p>

<p>[et_pb_section bb_built="1" _builder_version="3.0.72"][et_pb_row custom_padding="0px|0px|0px|0px" _builder_version="3.0.47" background_size="initial" background_position="top_left" background_repeat="repeat"][et_pb_column type="4_4"][et_pb_text _builder_version="3.0.72" custom_margin_last_edited="on|tablet" custom_margin_tablet="||-100px|" custom_margin_phone="||-100px|"]</p><p><a href="kursprogramm/">Zum Kursprogramm</a></p><p>[/et_pb_text][/et_pb_column][/et_pb_row][et_pb_row custom_padding="25px|0px|15px|0px" _builder_version="3.0.47" background_size="initial" background_position="top_left" background_repeat="repeat"][et_pb_column type="4_4"][et_pb_text _builder_version="3.0.72" custom_padding="|||" custom_margin="||-10px|" custom_margin_last_edited="on|phone" custom_margin_tablet="||-50px|" background_layout="light" text_orientation="left" border_style="solid"]</p><p>22. September - 05. Oktober 2018</p><h1>Meditation und Aktion</h1><p>[/et_pb_text][/et_pb_column][/et_pb_row][et_pb_row _builder_version="3.0.72" custom_padding="15px|0px|32px|0px"][et_pb_column type="4_4"][et_pb_text _builder_version="3.0.72" custom_margin_last_edited="on|desktop" custom_margin_tablet="||-40px|" custom_margin_phone="||-40px|"]</p><p>Die ideale Zeit für alle, die Dharmapraxis und Arbeit im konkreten Alltag verbinden möchten. Wir praktizieren zusammen und bereiten das Dorf für die neue Saison vor. Täglich etwa vier Stunden Arbeit, gemeinsame Meditationen, Zeit für persönliche Praxis, Erholung und Austausch in der schönen Bergwelt.</p><p><strong>Beginn:</strong> Donnerstag, 22. März <br /><strong>Ende:</strong> Donnerstag, 29. März</p><p><strong>Kursleitung:</strong> Tengye und das Bordo Team <br /><strong>Kursart: </strong>Dharmapraxis<br /><strong>Kurssprache: </strong>deutsch, italienisch, englisch</p><p><strong>Kosten: </strong>Unterkunft unentgeltlich, bescheidener Beitrag an die Verpflegungskosten.</p><p><strong>Anmeldung via <a href="mailto:bodhipath@bordo.org">bodhipath@bordo.org</a></strong></p><p>[/et_pb_text][/et_pb_column][/et_pb_row][et_pb_row use_custom_gutter="on" gutter_width="1" _builder_version="3.0.72"][et_pb_column type="4_4"][et_pb_text _builder_version="3.0.72"]</p><h2>Impressionen</h2><p>[/et_pb_text][et_pb_gallery gallery_ids="1169,1167,1175,1174,1171,1168,1172,1173" posts_number="8" show_title_and_caption="off" show_pagination="off" zoom_icon_color="#ffffff" hover_overlay_color="rgba(28,28,28,0.6)" hover_icon="T" _builder_version="3.0.72" use_border_color="on" border_width="5px" saved_tabs="all" gallery_captions=",Test,,,,,," /][/et_pb_column][/et_pb_row][/et_pb_section]</p>
