{"id":5898,"date":"2018-11-19T23:46:51","date_gmt":"2018-11-19T22:46:51","guid":{"rendered":"http:\/\/bordo.org\/?page_id=5898"},"modified":"2021-01-30T23:04:12","modified_gmt":"2021-01-30T22:04:12","slug":"vesak","status":"publish","type":"page","link":"https:\/\/bordo.org\/it\/corsi-di-dharma\/vesak\/","title":{"rendered":"Vesak"},"content":{"rendered":"<p>[et_pb_section fb_built=&#8221;1&#8243; _builder_version=&#8221;3.0.72&#8243;][et_pb_row custom_padding=&#8221;0px|0px|0px|0px&#8221; _builder_version=&#8221;3.0.47&#8243; background_size=&#8221;initial&#8221; background_position=&#8221;top_left&#8221; background_repeat=&#8221;repeat&#8221;][et_pb_column type=&#8221;4_4&#8243; _builder_version=&#8221;3.0.47&#8243;][et_pb_text _builder_version=&#8221;3.21&#8243; custom_margin_tablet=&#8221;||-100px|&#8221; custom_margin_last_edited=&#8221;on|tablet&#8221;]<\/p>\n<p><a href=\"https:\/\/bordo.org\/kursprogramm\/#6\">Al programma del corso<\/a><\/p>\n<p>[\/et_pb_text][\/et_pb_column][\/et_pb_row][et_pb_row custom_padding=&#8221;25px|0px|40px|0px&#8221; _builder_version=&#8221;3.0.47&#8243; background_size=&#8221;initial&#8221; background_position=&#8221;top_left&#8221; background_repeat=&#8221;repeat&#8221;][et_pb_column type=&#8221;4_4&#8243; _builder_version=&#8221;3.0.47&#8243;][et_pb_text _builder_version=&#8221;3.15&#8243; custom_margin=&#8221;||-10px|&#8221; custom_margin_tablet=&#8221;||-50px|&#8221; custom_margin_last_edited=&#8221;on|phone&#8221; custom_padding=&#8221;|||&#8221;]<\/p>\n<p>22 &#8211; 24 maggio 2021<\/p>\n<h1>Vesak<\/h1>\n<p>[\/et_pb_text][\/et_pb_column][\/et_pb_row][et_pb_row custom_padding=&#8221;25px|0px|32px|0px&#8221; _builder_version=&#8221;3.0.72&#8243;][et_pb_column type=&#8221;2_3&#8243; _builder_version=&#8221;3.0.47&#8243;][et_pb_text _builder_version=&#8221;3.15&#8243; custom_margin_tablet=&#8221;||-40px|&#8221; custom_margin_last_edited=&#8221;on|desktop&#8221;]<\/p>\n<p>La data ufficiale della celebrazione del Vesak cade, quest&#8217;anno, nella settimana dopo Pentecoste. Terremo il nostro ormai tradizionale scambio con le altre tradizioni buddiste, sui differenti approcci alla meditazione, entro la fine settimana precedente, dando cos\u00ec modo di partecipare al maggior numero di persone possibile. Celebreremo insieme questi giorni importanti che commemorano il Risveglio del Buddha storico. Ci saranno meditazioni in comune con le diverse tradizioni buddhiste, insegnamenti e condivisioni.<br \/>Trehor Lama sar\u00e0 sempre presente. Viene per la prima volta per insegnamenti a Bordo il maestro Zen Elena Seishin Viviani dal Cerchio Vuoto di Torino. Siamo lieti che anche il monaco Cesare Milani abbia dato adesione, come in passato.<br \/>Sar\u00e0 possibile arrivare gi\u00e0 di venerd\u00ec. Potrete pernottare in stanze condivise, a condizioni vantaggiose. In questo caso, vi invitiamo a portare con voi il sacco a pelo e il vostro asciugamano personale. Chi lo desiderasse potr\u00e0 portare con s\u00e8 cibo personale. E&#8217; sempre possibile, su prenotazione, consumare i pasti alla mensa di Bordo. Un&#8217;offerta sar\u00e0 gradita !<\/p>\n<p><strong>Inizio :<\/strong> sabato 22 maggio, ore 10<br \/><strong>Termine :<\/strong> luned\u00ec 24 maggio, dopo il pranzo<\/p>\n<p><strong>Lingua :<\/strong> tibetano, italiano (con parziale traduzione in tedesco e in inglese).<\/p>\n<p><strong>Costi:<\/strong> donazione per vitto e alloggio (vedi sopra)<\/p>\n<p><strong>Registrazione su\u00a0<a href=\"mailto:bodhipath@bordo.org\">bodhipath@bordo.org<\/a><\/strong><\/p>\n<p>Si prega di leggere le informazioni sul\u00a0<a href=\"https:\/\/bordo.org\/it\/arrivo-e-soggiorno\/soggiorno\/\">soggiorno a Bordo<\/a>\u00a0e sul\u00a0<a href=\"https:\/\/bordo.org\/it\/arrivo-e-soggiorno\/come-raggiungerci\/\">viaggio a Bordo<\/a>\u00a0prima della visita.<\/p>\n<p>[\/et_pb_text][\/et_pb_column][et_pb_column type=&#8221;1_3&#8243; _builder_version=&#8221;3.0.47&#8243;][\/et_pb_column][\/et_pb_row][\/et_pb_section]<\/p>\n","protected":false},"excerpt":{"rendered":"<p>Al programma del corso22 &#8211; 24 maggio 2021 VesakLa data ufficiale della celebrazione del Vesak cade, quest&#8217;anno, nella settimana dopo Pentecoste. Terremo il nostro ormai tradizionale scambio con le altre tradizioni buddiste, sui differenti approcci alla meditazione, entro la fine settimana precedente, dando cos\u00ec modo di partecipare al maggior numero di persone possibile. Celebreremo insieme [&hellip;]<\/p>\n","protected":false},"author":1,"featured_media":0,"parent":5233,"menu_order":0,"comment_status":"closed","ping_status":"closed","template":"","meta":{"_et_pb_use_builder":"on","_et_pb_old_content":"","_et_gb_content_width":""},"_links":{"self":[{"href":"https:\/\/bordo.org\/it\/wp-json\/wp\/v2\/pages\/5898\/"}],"collection":[{"href":"https:\/\/bordo.org\/it\/wp-json\/wp\/v2\/pages\/"}],"about":[{"href":"https:\/\/bordo.org\/it\/wp-json\/wp\/v2\/types\/page\/"}],"author":[{"embeddable":true,"href":"https:\/\/bordo.org\/it\/wp-json\/wp\/v2\/users\/1\/"}],"replies":[{"embeddable":true,"href":"https:\/\/bordo.org\/it\/wp-json\/wp\/v2\/comments\/?post=5898"}],"version-history":[{"count":6,"href":"https:\/\/bordo.org\/it\/wp-json\/wp\/v2\/pages\/5898\/revisions\/"}],"predecessor-version":[{"id":7528,"href":"https:\/\/bordo.org\/it\/wp-json\/wp\/v2\/pages\/5898\/revisions\/7528\/"}],"up":[{"embeddable":true,"href":"https:\/\/bordo.org\/it\/wp-json\/wp\/v2\/pages\/5233\/"}],"wp:attachment":[{"href":"https:\/\/bordo.org\/it\/wp-json\/wp\/v2\/media\/?parent=5898"}],"curies":[{"name":"wp","href":"https:\/\/api.w.org\/{rel}","templated":true}]}}

<p>[et_pb_section fb_built=&#8221;1&#8243; _builder_version=&#8221;3.0.72&#8243;][et_pb_row custom_padding=&#8221;0px|0px|0px|0px&#8221; _builder_version=&#8221;3.0.47&#8243; background_size=&#8221;initial&#8221; background_position=&#8221;top_left&#8221; background_repeat=&#8221;repeat&#8221;][et_pb_column type=&#8221;4_4&#8243; _builder_version=&#8221;3.0.47&#8243;][et_pb_text _builder_version=&#8221;3.21&#8243; custom_margin_tablet=&#8221;||-100px|&#8221; custom_margin_last_edited=&#8221;on|tablet&#8221;]</p>
<p><a href="https://bordo.org/kursprogramm/#6">Al programma del corso</a></p>
<p>[/et_pb_text][/et_pb_column][/et_pb_row][et_pb_row custom_padding=&#8221;25px|0px|40px|0px&#8221; _builder_version=&#8221;3.0.47&#8243; background_size=&#8221;initial&#8221; background_position=&#8221;top_left&#8221; background_repeat=&#8221;repeat&#8221;][et_pb_column type=&#8221;4_4&#8243; _builder_version=&#8221;3.0.47&#8243;][et_pb_text _builder_version=&#8221;3.15&#8243; custom_margin=&#8221;||-10px|&#8221; custom_margin_tablet=&#8221;||-50px|&#8221; custom_margin_last_edited=&#8221;on|phone&#8221; custom_padding=&#8221;|||&#8221;]</p>
<p>22 &#8211; 24 maggio 2021</p>
<h1>Vesak</h1>
<p>[/et_pb_text][/et_pb_column][/et_pb_row][et_pb_row custom_padding=&#8221;25px|0px|32px|0px&#8221; _builder_version=&#8221;3.0.72&#8243;][et_pb_column type=&#8221;2_3&#8243; _builder_version=&#8221;3.0.47&#8243;][et_pb_text _builder_version=&#8221;3.15&#8243; custom_margin_tablet=&#8221;||-40px|&#8221; custom_margin_last_edited=&#8221;on|desktop&#8221;]</p>
<p>La data ufficiale della celebrazione del Vesak cade, quest&#8217;anno, nella settimana dopo Pentecoste. Terremo il nostro ormai tradizionale scambio con le altre tradizioni buddiste, sui differenti approcci alla meditazione, entro la fine settimana precedente, dando così modo di partecipare al maggior numero di persone possibile. Celebreremo insieme questi giorni importanti che commemorano il Risveglio del Buddha storico. Ci saranno meditazioni in comune con le diverse tradizioni buddhiste, insegnamenti e condivisioni.<br />Trehor Lama sarà sempre presente. Viene per la prima volta per insegnamenti a Bordo il maestro Zen Elena Seishin Viviani dal Cerchio Vuoto di Torino. Siamo lieti che anche il monaco Cesare Milani abbia dato adesione, come in passato.<br />Sarà possibile arrivare già di venerdì. Potrete pernottare in stanze condivise, a condizioni vantaggiose. In questo caso, vi invitiamo a portare con voi il sacco a pelo e il vostro asciugamano personale. Chi lo desiderasse potrà portare con sè cibo personale. E&#8217; sempre possibile, su prenotazione, consumare i pasti alla mensa di Bordo. Un&#8217;offerta sarà gradita !</p>
<p><strong>Inizio :</strong> sabato 22 maggio, ore 10<br /><strong>Termine :</strong> lunedì 24 maggio, dopo il pranzo</p>
<p><strong>Lingua :</strong> tibetano, italiano (con parziale traduzione in tedesco e in inglese).</p>
<p><strong>Costi:</strong> donazione per vitto e alloggio (vedi sopra)</p>
<p><strong>Registrazione su <a href="mailto:bodhipath@bordo.org">bodhipath@bordo.org</a></strong></p>
<p>Si prega di leggere le informazioni sul <a href="https://bordo.org/it/arrivo-e-soggiorno/soggiorno/">soggiorno a Bordo</a> e sul <a href="https://bordo.org/it/arrivo-e-soggiorno/come-raggiungerci/">viaggio a Bordo</a> prima della visita.</p>
<p>[/et_pb_text][/et_pb_column][et_pb_column type=&#8221;1_3&#8243; _builder_version=&#8221;3.0.47&#8243;][/et_pb_column][/et_pb_row][/et_pb_section]</p>

<p>Al programma del corso22 &#8211; 24 maggio 2021 VesakLa data ufficiale della celebrazione del Vesak cade, quest&#8217;anno, nella settimana dopo Pentecoste. Terremo il nostro ormai tradizionale scambio con le altre tradizioni buddiste, sui differenti approcci alla meditazione, entro la fine settimana precedente, dando così modo di partecipare al maggior numero di persone possibile. Celebreremo insieme [&hellip;]</p>
